{"id":558,"date":"2016-09-08T17:56:40","date_gmt":"2016-09-08T20:56:40","guid":{"rendered":"http:\/\/localhost:8888\/graficosmg\/?page_id=558"},"modified":"2023-06-06T15:43:20","modified_gmt":"2023-06-06T18:43:20","slug":"vagas-de-emprego","status":"publish","type":"page","link":"https:\/\/graficosmg.org.br\/site\/vagas-de-emprego\/","title":{"rendered":"Oportunidades de Emprego"},"content":{"rendered":"\t\t<div data-elementor-type=\"wp-page\" data-elementor-id=\"558\" class=\"elementor elementor-558\" data-elementor-post-type=\"page\">\n\t\t\t\t\t\t<section class=\"elementor-section elementor-top-section elementor-element elementor-element-7dede479 elementor-section-stretched elementor-section-boxed elementor-section-height-default elementor-section-height-default\" data-id=\"7dede479\" data-element_type=\"section\" data-e-type=\"section\" data-settings=\"{&quot;stretch_section&quot;:&quot;section-stretched&quot;}\">\n\t\t\t\t\t\t<div class=\"elementor-container elementor-column-gap-default\">\n\t\t\t\t\t<div class=\"elementor-column elementor-col-100 elementor-top-column elementor-element elementor-element-8ed7d3c\" data-id=\"8ed7d3c\" data-element_type=\"column\" data-e-type=\"column\">\n\t\t\t<div class=\"elementor-widget-wrap elementor-element-populated\">\n\t\t\t\t\t\t<div class=\"elementor-element elementor-element-2d05e7e elementor-grid-eael-col-3 elementor-grid-tablet-eael-col-2 elementor-grid-mobile-eael-col-1 elementor-widget elementor-widget-eael-post-grid\" data-id=\"2d05e7e\" data-element_type=\"widget\" data-e-type=\"widget\" data-settings=\"{&quot;eael_post_grid_columns&quot;:&quot;eael-col-3&quot;,&quot;eael_post_grid_columns_tablet&quot;:&quot;eael-col-2&quot;,&quot;eael_post_grid_columns_mobile&quot;:&quot;eael-col-1&quot;}\" data-widget_type=\"eael-post-grid.default\">\n\t\t\t\t<div class=\"elementor-widget-container\">\n\t\t\t\t\t<div id=\"eael-post-grid-2d05e7e\" class=\"eael-post-grid-container\">\n            <div class=\"eael-post-grid eael-post-appender eael-post-appender-2d05e7e eael-post-grid-style-two\" data-layout-mode=\"masonry\"><article class=\"eael-grid-post  eael-post-grid-column eael-pg-post-6756 category-vaga-de-emprego\" data-id=\"6756\">\n    <div class=\"eael-grid-post-holder\">\n        <div class=\"eael-grid-post-holder-inner\"><div class=\"eael-entry-wrapper\"><header class=\"eael-entry-header\"><h2 class=\"eael-entry-title\"><a class=\"eael-grid-post-link\" href=\"https:\/\/graficosmg.org.br\/site\/impressor-offiset-bicolor\/\" title=\"Impressor Offiset &#8211; Bicolor\">Impressor Offiset &#8211; Bicolor<\/a><\/h2><\/header><div class=\"eael-entry-header-after style-two\"><div class=\"eael-entry-meta\"><span class=\"eael-posted-on eael-meta-posted-on\"><i class=\"far fa-clock\"><\/i><time datetime=\"21 de outubro de 2025\">21 de outubro de 2025<\/time><\/span><\/div><\/div><div class=\"eael-entry-content\">\n                                <div class=\"eael-grid-post-excerpt\"><p>Empresa: Gr\u00e1fica Formato<\/p><a href=\"https:\/\/graficosmg.org.br\/site\/impressor-offiset-bicolor\/\" class=\"eael-post-elements-readmore-btn\">Saiba mais<\/a><\/div>\n                            <\/div><\/div><\/div>\n    <\/div>\n<\/article><article class=\"eael-grid-post  eael-post-grid-column eael-pg-post-6751 category-vaga-de-emprego\" data-id=\"6751\">\n    <div class=\"eael-grid-post-holder\">\n        <div class=\"eael-grid-post-holder-inner\"><div class=\"eael-entry-wrapper\"><header class=\"eael-entry-header\"><h2 class=\"eael-entry-title\"><a class=\"eael-grid-post-link\" href=\"https:\/\/graficosmg.org.br\/site\/impressor-offset-4-cores\/\" title=\"Impressor Offset &#8211; 4 cores\">Impressor Offset &#8211; 4 cores<\/a><\/h2><\/header><div class=\"eael-entry-header-after style-two\"><div class=\"eael-entry-meta\"><span class=\"eael-posted-on eael-meta-posted-on\"><i class=\"far fa-clock\"><\/i><time datetime=\"21 de outubro de 2025\">21 de outubro de 2025<\/time><\/span><\/div><\/div><div class=\"eael-entry-content\">\n                                <div class=\"eael-grid-post-excerpt\"><p>Empresa: Gr\u00e1fica Formato<\/p><a href=\"https:\/\/graficosmg.org.br\/site\/impressor-offset-4-cores\/\" class=\"eael-post-elements-readmore-btn\">Saiba mais<\/a><\/div>\n                            <\/div><\/div><\/div>\n    <\/div>\n<\/article><article class=\"eael-grid-post  eael-post-grid-column eael-pg-post-6746 category-vaga-de-emprego\" data-id=\"6746\">\n    <div class=\"eael-grid-post-holder\">\n        <div class=\"eael-grid-post-holder-inner\"><div class=\"eael-entry-wrapper\"><header class=\"eael-entry-header\"><h2 class=\"eael-entry-title\"><a class=\"eael-grid-post-link\" href=\"https:\/\/graficosmg.org.br\/site\/gravador-de-chapas-2\/\" title=\"Gravador de chapas\">Gravador de chapas<\/a><\/h2><\/header><div class=\"eael-entry-header-after style-two\"><div class=\"eael-entry-meta\"><span class=\"eael-posted-on eael-meta-posted-on\"><i class=\"far fa-clock\"><\/i><time datetime=\"21 de outubro de 2025\">21 de outubro de 2025<\/time><\/span><\/div><\/div><div class=\"eael-entry-content\">\n                                <div class=\"eael-grid-post-excerpt\"><p>Empresa: Gr\u00e1fica Formato<\/p><a href=\"https:\/\/graficosmg.org.br\/site\/gravador-de-chapas-2\/\" class=\"eael-post-elements-readmore-btn\">Saiba mais<\/a><\/div>\n                            <\/div><\/div><\/div>\n    <\/div>\n<\/article><article class=\"eael-grid-post  eael-post-grid-column eael-pg-post-6738 category-vaga-de-emprego\" data-id=\"6738\">\n    <div class=\"eael-grid-post-holder\">\n        <div class=\"eael-grid-post-holder-inner\"><div class=\"eael-entry-wrapper\"><header class=\"eael-entry-header\"><h2 class=\"eael-entry-title\"><a class=\"eael-grid-post-link\" href=\"https:\/\/graficosmg.org.br\/site\/dobrador\/\" title=\"Dobrador\">Dobrador<\/a><\/h2><\/header><div class=\"eael-entry-header-after style-two\"><div class=\"eael-entry-meta\"><span class=\"eael-posted-on eael-meta-posted-on\"><i class=\"far fa-clock\"><\/i><time datetime=\"21 de outubro de 2025\">21 de outubro de 2025<\/time><\/span><\/div><\/div><div class=\"eael-entry-content\">\n                                <div class=\"eael-grid-post-excerpt\"><p>Empresa: Gr\u00e1fica Formato<\/p><a href=\"https:\/\/graficosmg.org.br\/site\/dobrador\/\" class=\"eael-post-elements-readmore-btn\">Saiba mais<\/a><\/div>\n                            <\/div><\/div><\/div>\n    <\/div>\n<\/article><article class=\"eael-grid-post  eael-post-grid-column eael-pg-post-6733 category-vaga-de-emprego\" data-id=\"6733\">\n    <div class=\"eael-grid-post-holder\">\n        <div class=\"eael-grid-post-holder-inner\"><div class=\"eael-entry-wrapper\"><header class=\"eael-entry-header\"><h2 class=\"eael-entry-title\"><a class=\"eael-grid-post-link\" href=\"https:\/\/graficosmg.org.br\/site\/ajudante-de-impressor\/\" title=\"Ajudante de Impressor\">Ajudante de Impressor<\/a><\/h2><\/header><div class=\"eael-entry-header-after style-two\"><div class=\"eael-entry-meta\"><span class=\"eael-posted-on eael-meta-posted-on\"><i class=\"far fa-clock\"><\/i><time datetime=\"21 de outubro de 2025\">21 de outubro de 2025<\/time><\/span><\/div><\/div><div class=\"eael-entry-content\">\n                                <div class=\"eael-grid-post-excerpt\"><p>Empresa: Gr\u00e1fica Formato<\/p><a href=\"https:\/\/graficosmg.org.br\/site\/ajudante-de-impressor\/\" class=\"eael-post-elements-readmore-btn\">Saiba mais<\/a><\/div>\n                            <\/div><\/div><\/div>\n    <\/div>\n<\/article><article class=\"eael-grid-post  eael-post-grid-column eael-pg-post-6724 category-vaga-de-emprego\" data-id=\"6724\">\n    <div class=\"eael-grid-post-holder\">\n        <div class=\"eael-grid-post-holder-inner\"><div class=\"eael-entry-wrapper\"><header class=\"eael-entry-header\"><h2 class=\"eael-entry-title\"><a class=\"eael-grid-post-link\" href=\"https:\/\/graficosmg.org.br\/site\/trainne-de-brochurista\/\" title=\"Trainne de brochurista\">Trainne de brochurista<\/a><\/h2><\/header><div class=\"eael-entry-header-after style-two\"><div class=\"eael-entry-meta\"><span class=\"eael-posted-on eael-meta-posted-on\"><i class=\"far fa-clock\"><\/i><time datetime=\"21 de outubro de 2025\">21 de outubro de 2025<\/time><\/span><\/div><\/div><div class=\"eael-entry-content\">\n                                <div class=\"eael-grid-post-excerpt\"><p>Empresa: Gr\u00e1fica Formato<\/p><a href=\"https:\/\/graficosmg.org.br\/site\/trainne-de-brochurista\/\" class=\"eael-post-elements-readmore-btn\">Saiba mais<\/a><\/div>\n                            <\/div><\/div><\/div>\n    <\/div>\n<\/article><article class=\"eael-grid-post  eael-post-grid-column eael-pg-post-6715 category-vaga-de-emprego\" data-id=\"6715\">\n    <div class=\"eael-grid-post-holder\">\n        <div class=\"eael-grid-post-holder-inner\"><div class=\"eael-entry-wrapper\"><header class=\"eael-entry-header\"><h2 class=\"eael-entry-title\"><a class=\"eael-grid-post-link\" href=\"https:\/\/graficosmg.org.br\/site\/brochurista-4\/\" title=\"Brochurista\">Brochurista<\/a><\/h2><\/header><div class=\"eael-entry-header-after style-two\"><div class=\"eael-entry-meta\"><span class=\"eael-posted-on eael-meta-posted-on\"><i class=\"far fa-clock\"><\/i><time datetime=\"20 de outubro de 2025\">20 de outubro de 2025<\/time><\/span><\/div><\/div><div class=\"eael-entry-content\">\n                                <div class=\"eael-grid-post-excerpt\"><p>Empresa: GRAFAM Descri\u00e7\u00e3o: Realizar atividades manuais\u00a0 de intercala\u00e7\u00e3o, encaixe, dobra, colagem, blocagem, sele\u00e7\u00e3o de qualidade, fechamento de envelopes, caixas e&hellip;<\/p><a href=\"https:\/\/graficosmg.org.br\/site\/brochurista-4\/\" class=\"eael-post-elements-readmore-btn\">Saiba mais<\/a><\/div>\n                            <\/div><\/div><\/div>\n    <\/div>\n<\/article><article class=\"eael-grid-post  eael-post-grid-column eael-pg-post-6710 category-vaga-de-emprego\" data-id=\"6710\">\n    <div class=\"eael-grid-post-holder\">\n        <div class=\"eael-grid-post-holder-inner\"><div class=\"eael-entry-wrapper\"><header class=\"eael-entry-header\"><h2 class=\"eael-entry-title\"><a class=\"eael-grid-post-link\" href=\"https:\/\/graficosmg.org.br\/site\/arte-finalista\/\" title=\"Arte Finalista\">Arte Finalista<\/a><\/h2><\/header><div class=\"eael-entry-header-after style-two\"><div class=\"eael-entry-meta\"><span class=\"eael-posted-on eael-meta-posted-on\"><i class=\"far fa-clock\"><\/i><time datetime=\"11 de outubro de 2025\">11 de outubro de 2025<\/time><\/span><\/div><\/div><div class=\"eael-entry-content\">\n                                <div class=\"eael-grid-post-excerpt\"><p>Empresa: Consultora de RH<\/p><a href=\"https:\/\/graficosmg.org.br\/site\/arte-finalista\/\" class=\"eael-post-elements-readmore-btn\">Saiba mais<\/a><\/div>\n                            <\/div><\/div><\/div>\n    <\/div>\n<\/article><article class=\"eael-grid-post  eael-post-grid-column eael-pg-post-6705 category-vaga-de-emprego\" data-id=\"6705\">\n    <div class=\"eael-grid-post-holder\">\n        <div class=\"eael-grid-post-holder-inner\"><div class=\"eael-entry-wrapper\"><header class=\"eael-entry-header\"><h2 class=\"eael-entry-title\"><a class=\"eael-grid-post-link\" href=\"https:\/\/graficosmg.org.br\/site\/orcamentista\/\" title=\"Or\u00e7amentista\">Or\u00e7amentista<\/a><\/h2><\/header><div class=\"eael-entry-header-after style-two\"><div class=\"eael-entry-meta\"><span class=\"eael-posted-on eael-meta-posted-on\"><i class=\"far fa-clock\"><\/i><time datetime=\"11 de outubro de 2025\">11 de outubro de 2025<\/time><\/span><\/div><\/div><div class=\"eael-entry-content\">\n                                <div class=\"eael-grid-post-excerpt\"><p>Empresa: Consultora de RH<\/p><a href=\"https:\/\/graficosmg.org.br\/site\/orcamentista\/\" class=\"eael-post-elements-readmore-btn\">Saiba mais<\/a><\/div>\n                            <\/div><\/div><\/div>\n    <\/div>\n<\/article><article class=\"eael-grid-post  eael-post-grid-column eael-pg-post-6695 category-vaga-de-emprego\" data-id=\"6695\">\n    <div class=\"eael-grid-post-holder\">\n        <div class=\"eael-grid-post-holder-inner\"><div class=\"eael-entry-wrapper\"><header class=\"eael-entry-header\"><h2 class=\"eael-entry-title\"><a class=\"eael-grid-post-link\" href=\"https:\/\/graficosmg.org.br\/site\/brochurista-3\/\" title=\"Brochurista\">Brochurista<\/a><\/h2><\/header><div class=\"eael-entry-header-after style-two\"><div class=\"eael-entry-meta\"><span class=\"eael-posted-on eael-meta-posted-on\"><i class=\"far fa-clock\"><\/i><time datetime=\"11 de outubro de 2025\">11 de outubro de 2025<\/time><\/span><\/div><\/div><div class=\"eael-entry-content\">\n                                <div class=\"eael-grid-post-excerpt\"><p>Empresa: Consultora de RH<\/p><a href=\"https:\/\/graficosmg.org.br\/site\/brochurista-3\/\" class=\"eael-post-elements-readmore-btn\">Saiba mais<\/a><\/div>\n                            <\/div><\/div><\/div>\n    <\/div>\n<\/article><article class=\"eael-grid-post  eael-post-grid-column eael-pg-post-6540 category-vaga-de-emprego\" data-id=\"6540\">\n    <div class=\"eael-grid-post-holder\">\n        <div class=\"eael-grid-post-holder-inner\"><div class=\"eael-entry-wrapper\"><header class=\"eael-entry-header\"><h2 class=\"eael-entry-title\"><a class=\"eael-grid-post-link\" href=\"https:\/\/graficosmg.org.br\/site\/operador-de-coladeira\/\" title=\"Auxiliar de Impress\u00e3o\">Auxiliar de Impress\u00e3o<\/a><\/h2><\/header><div class=\"eael-entry-header-after style-two\"><div class=\"eael-entry-meta\"><span class=\"eael-posted-on eael-meta-posted-on\"><i class=\"far fa-clock\"><\/i><time datetime=\"31 de julho de 2025\">31 de julho de 2025<\/time><\/span><\/div><\/div><div class=\"eael-entry-content\">\n                                <div class=\"eael-grid-post-excerpt\"><p>Empresa:\u00a0Rona Editora &lt;strong&gt;Descri\u00e7\u00e3o do cargo:&lt;\/strong&gt; Auxiliar de Impress\u00e3o&lt;strong&gt;Tipo de Vaga:&lt;\/strong&gt; Efetivo\/CLT&lt;strong&gt;Hor\u00e1rio:&lt;\/strong&gt;\u00a0Segunda \u00e0 Sexta&lt;strong&gt;Endere\u00e7o:&lt;\/strong&gt; Rua Henriqueto Cardinalli, 280&lt;strong&gt;E-mail para contato:&lt;\/strong&gt;\u00a0&lt;a href=\"mailto:rh@ronaeditora.com.br\"&hellip;<\/p><a href=\"https:\/\/graficosmg.org.br\/site\/operador-de-coladeira\/\" class=\"eael-post-elements-readmore-btn\">Saiba mais<\/a><\/div>\n                            <\/div><\/div><\/div>\n    <\/div>\n<\/article><article class=\"eael-grid-post  eael-post-grid-column eael-pg-post-6500 category-vaga-de-emprego\" data-id=\"6500\">\n    <div class=\"eael-grid-post-holder\">\n        <div class=\"eael-grid-post-holder-inner\"><div class=\"eael-entry-wrapper\"><header class=\"eael-entry-header\"><h2 class=\"eael-entry-title\"><a class=\"eael-grid-post-link\" href=\"https:\/\/graficosmg.org.br\/site\/cortador-grafico\/\" title=\"Cortador Gr\u00e1fico\">Cortador Gr\u00e1fico<\/a><\/h2><\/header><div class=\"eael-entry-header-after style-two\"><div class=\"eael-entry-meta\"><span class=\"eael-posted-on eael-meta-posted-on\"><i class=\"far fa-clock\"><\/i><time datetime=\"16 de janeiro de 2025\">16 de janeiro de 2025<\/time><\/span><\/div><\/div><div class=\"eael-entry-content\">\n                                <div class=\"eael-grid-post-excerpt\"><p>Empresa: Gr\u00e1fica Formato &lt;iframe title=\"Vaga para cortador\" style=\"width: 600%!important;height: 600px;; max-width:100%; display: inline-block\" src=\"https:\/\/graficosmg.org.br\/site\/wp-admin\/admin-ajax.php?action=get_viewer&#038;file=https%3A%2F%2Fgraficosmg.org.br%2Fsite%2Fwp-content%2Fuploads%2F2025%2F01%2FVaga-para-cortador.pdf&#038;scrolling=0&#038;selection_tool=0&#038;spreads=-1#key=dGhlbWVNb2RlPWRlZmF1bHQmdG9vbGJhcj10cnVlJnBvc2l0aW9uPXRvcCZwcmVzZW50YXRpb249dHJ1ZSZsYXp5TG9hZD1mYWxzZSZkb3dubG9hZD10cnVlJmNvcHlfdGV4dD10cnVlJmFkZF90ZXh0PXRydWUmZHJhdz10cnVlJmFkZF9pbWFnZT10cnVlJnBkZl9yb3RhdGlvbj10cnVlJnBkZl9kZXRhaWxzPXRydWUmem9vbV9pbj10cnVlJnpvb21fb3V0PXRydWUmZml0X3ZpZXc9dHJ1ZSZib29rbWFyaz10cnVlJmZsaXBib29rX3Rvb2xiYXJfcG9zaXRpb249Ym90dG9tJnNlbGVjdGlvbl90b29sPTAmc2Nyb2xsaW5nPTAmc3ByZWFkcz0tMSZpc19wcm9fYWN0aXZlPTA=&#038;zoom=auto\" data-emid=\"embedpress-pdf-c12d1b2\" frameborder=\"0\"&gt;&lt;\/iframe&gt;Desenvolvido por EmbedPress<\/p><a href=\"https:\/\/graficosmg.org.br\/site\/cortador-grafico\/\" class=\"eael-post-elements-readmore-btn\">Saiba mais<\/a><\/div>\n                            <\/div><\/div><\/div>\n    <\/div>\n<\/article><article class=\"eael-grid-post  eael-post-grid-column eael-pg-post-6494 category-vaga-de-emprego\" data-id=\"6494\">\n    <div class=\"eael-grid-post-holder\">\n        <div class=\"eael-grid-post-holder-inner\"><div class=\"eael-entry-wrapper\"><header class=\"eael-entry-header\"><h2 class=\"eael-entry-title\"><a class=\"eael-grid-post-link\" href=\"https:\/\/graficosmg.org.br\/site\/pre-impressor-grafico-com-experiencia-2\/\" title=\"PR\u00c9 IMPRESSOR GR\u00c1FICO COM EXPERI\u00caNCIA\">PR\u00c9 IMPRESSOR GR\u00c1FICO COM EXPERI\u00caNCIA<\/a><\/h2><\/header><div class=\"eael-entry-header-after style-two\"><div class=\"eael-entry-meta\"><span class=\"eael-posted-on eael-meta-posted-on\"><i class=\"far fa-clock\"><\/i><time datetime=\"16 de janeiro de 2025\">16 de janeiro de 2025<\/time><\/span><\/div><\/div><div class=\"eael-entry-content\">\n                                <div class=\"eael-grid-post-excerpt\"><p>Empresa:\u00a0Futura Express &lt;strong&gt;Cargo: &lt;\/strong&gt;PR\u00c9 IMPRESSOR GR\u00c1FICO COM EXPERI\u00caNCIA\u00a0 Venha fazer parte do Time da Futura! Buscamos pessoas com grande interesse&hellip;<\/p><a href=\"https:\/\/graficosmg.org.br\/site\/pre-impressor-grafico-com-experiencia-2\/\" class=\"eael-post-elements-readmore-btn\">Saiba mais<\/a><\/div>\n                            <\/div><\/div><\/div>\n    <\/div>\n<\/article><article class=\"eael-grid-post  eael-post-grid-column eael-pg-post-6453 category-vaga-de-emprego\" data-id=\"6453\">\n    <div class=\"eael-grid-post-holder\">\n        <div class=\"eael-grid-post-holder-inner\"><div class=\"eael-entry-wrapper\"><header class=\"eael-entry-header\"><h2 class=\"eael-entry-title\"><a class=\"eael-grid-post-link\" href=\"https:\/\/graficosmg.org.br\/site\/operador-de-maquina-espiral-semi-automatica\/\" title=\"Operador de M\u00e1quina (espiral semi autom\u00e1tica)\">Operador de M\u00e1quina (espiral semi autom\u00e1tica)<\/a><\/h2><\/header><div class=\"eael-entry-header-after style-two\"><div class=\"eael-entry-meta\"><span class=\"eael-posted-on eael-meta-posted-on\"><i class=\"far fa-clock\"><\/i><time datetime=\"1 de novembro de 2024\">1 de novembro de 2024<\/time><\/span><\/div><\/div><div class=\"eael-entry-content\">\n                                <div class=\"eael-grid-post-excerpt\"><p>Empresa:\u00a0Pr\u00e1tica Editora Gr\u00e1fica &lt;strong&gt;Cargo:\u00a0&lt;\/strong&gt;Operador de M\u00e1quina (espiral semi autom\u00e1tica) Descri\u00e7\u00e3o do cargo: Preparar as m\u00e1quinas (calibra\u00e7\u00e3o, limpeza etc.) para iniciar&hellip;<\/p><a href=\"https:\/\/graficosmg.org.br\/site\/operador-de-maquina-espiral-semi-automatica\/\" class=\"eael-post-elements-readmore-btn\">Saiba mais<\/a><\/div>\n                            <\/div><\/div><\/div>\n    <\/div>\n<\/article><article class=\"eael-grid-post  eael-post-grid-column eael-pg-post-6406 category-vaga-de-emprego\" data-id=\"6406\">\n    <div class=\"eael-grid-post-holder\">\n        <div class=\"eael-grid-post-holder-inner\"><div class=\"eael-entry-wrapper\"><header class=\"eael-entry-header\"><h2 class=\"eael-entry-title\"><a class=\"eael-grid-post-link\" href=\"https:\/\/graficosmg.org.br\/site\/pre-impressor-grafico-com-experiencia\/\" title=\"PR\u00c9 IMPRESSOR GR\u00c1FICO COM EXPERI\u00caNCIA\">PR\u00c9 IMPRESSOR GR\u00c1FICO COM EXPERI\u00caNCIA<\/a><\/h2><\/header><div class=\"eael-entry-header-after style-two\"><div class=\"eael-entry-meta\"><span class=\"eael-posted-on eael-meta-posted-on\"><i class=\"far fa-clock\"><\/i><time datetime=\"25 de setembro de 2024\">25 de setembro de 2024<\/time><\/span><\/div><\/div><div class=\"eael-entry-content\">\n                                <div class=\"eael-grid-post-excerpt\"><p>Empresa:\u00a0Futura Express &lt;p&gt;&lt;strong&gt;Cargo:&lt;\/strong&gt;&lt;strong&gt; PR\u00c9 IMPRESSOR GR\u00c1FICO COM EXPERI\u00caNCIA&lt;\/strong&gt;&lt;\/p&gt;\u00a0&lt;strong&gt;Venha fazer parte do Time da Futura!&lt;\/strong&gt;&lt;br \/&gt;&lt;br \/&gt;Buscamos pessoas com grande interesse&hellip;<\/p><a href=\"https:\/\/graficosmg.org.br\/site\/pre-impressor-grafico-com-experiencia\/\" class=\"eael-post-elements-readmore-btn\">Saiba mais<\/a><\/div>\n                            <\/div><\/div><\/div>\n    <\/div>\n<\/article><\/div>\n            <div class=\"clearfix\"><\/div>\n        <\/div>            <div class=\"eael-load-more-button-wrap\">\n                <button class=\"eael-load-more-button\" id=\"eael-load-more-btn-2d05e7e\" data-widget-id=\"2d05e7e\" data-widget=\"2d05e7e\" data-page-id=\"558\" data-template=\"{&quot;dir&quot;:&quot;lite&quot;,&quot;file_name&quot;:&quot;two.php&quot;,&quot;name&quot;:&quot;Post-Grid&quot;}\" data-class=\"Essential_Addons_Elementor\\Elements\\Post_Grid\" data-layout=\"masonry\" data-page=\"1\" data-args=\"orderby=date&amp;order=desc&amp;ignore_sticky_posts=1&amp;post_status=publish&amp;posts_per_page=15&amp;offset=0&amp;post_type=post&amp;tax_query%5B0%5D%5Btaxonomy%5D=category&amp;tax_query%5B0%5D%5Bfield%5D=term_id&amp;tax_query%5B0%5D%5Bterms%5D%5B0%5D=149&amp;tax_query%5Brelation%5D=AND\" data-max-page=\"4\">\n                    <span class=\"eael-btn-loader button__loader\"><\/span>\n                    <span class=\"eael_load_more_text\">Veja mais<\/span>\n                <\/button>\n            <\/div>\n            \t\t\t\t<\/div>\n\t\t\t\t<\/div>\n\t\t\t\t\t<\/div>\n\t\t<\/div>\n\t\t\t\t\t<\/div>\n\t\t<\/section>\n\t\t\t\t<\/div>\n\t\t","protected":false},"excerpt":{"rendered":"<p>OPERADOR DE PRODU\u00c7\u00c3O 6 de junho de 2023 Empresa: STAR7 \u2013 Unidade Betim &lt;strong&gt;Os interessados dever\u00e3o encaminhar curr\u00edculos para:&lt;\/strong&gt; RH@star-7.com\u00a0\u00a0\/\u00a0diego.cunha@star-7.com&hellip;<\/p>\n","protected":false},"author":1,"featured_media":0,"parent":0,"menu_order":0,"comment_status":"closed","ping_status":"closed","template":"elementor_theme","meta":{"pmpro_default_level":0,"footnotes":""},"class_list":["post-558","page","type-page","status-publish","hentry","pmpro-has-access"],"_links":{"self":[{"href":"https:\/\/graficosmg.org.br\/site\/wp-json\/wp\/v2\/pages\/558","targetHints":{"allow":["GET"]}}],"collection":[{"href":"https:\/\/graficosmg.org.br\/site\/wp-json\/wp\/v2\/pages"}],"about":[{"href":"https:\/\/graficosmg.org.br\/site\/wp-json\/wp\/v2\/types\/page"}],"author":[{"embeddable":true,"href":"https:\/\/graficosmg.org.br\/site\/wp-json\/wp\/v2\/users\/1"}],"replies":[{"embeddable":true,"href":"https:\/\/graficosmg.org.br\/site\/wp-json\/wp\/v2\/comments?post=558"}],"version-history":[{"count":0,"href":"https:\/\/graficosmg.org.br\/site\/wp-json\/wp\/v2\/pages\/558\/revisions"}],"wp:attachment":[{"href":"https:\/\/graficosmg.org.br\/site\/wp-json\/wp\/v2\/media?parent=558"}],"curies":[{"name":"wp","href":"https:\/\/api.w.org\/{rel}","templated":true}]}}