{"id":303,"date":"2016-09-08T12:46:05","date_gmt":"2016-09-08T15:46:05","guid":{"rendered":"http:\/\/localhost:8888\/graficosmg\/?page_id=303"},"modified":"2023-05-10T17:04:29","modified_gmt":"2023-05-10T20:04:29","slug":"historico","status":"publish","type":"page","link":"https:\/\/graficosmg.org.br\/site\/historico\/","title":{"rendered":"Hist\u00f3rico"},"content":{"rendered":"\t\t<div data-elementor-type=\"wp-page\" data-elementor-id=\"303\" class=\"elementor elementor-303\" data-elementor-post-type=\"page\">\n\t\t\t\t\t\t<section class=\"elementor-section elementor-top-section elementor-element elementor-element-3be22b8 elementor-section-boxed elementor-section-height-default elementor-section-height-default\" data-id=\"3be22b8\" data-element_type=\"section\" data-e-type=\"section\">\n\t\t\t\t\t\t<div class=\"elementor-container elementor-column-gap-default\">\n\t\t\t\t\t<div class=\"elementor-column elementor-col-100 elementor-top-column elementor-element elementor-element-1118061d\" data-id=\"1118061d\" data-element_type=\"column\" data-e-type=\"column\">\n\t\t\t<div class=\"elementor-widget-wrap elementor-element-populated\">\n\t\t\t\t\t\t<div class=\"elementor-element elementor-element-365cbfb elementor-widget elementor-widget-image\" data-id=\"365cbfb\" data-element_type=\"widget\" data-e-type=\"widget\" data-widget_type=\"image.default\">\n\t\t\t\t<div class=\"elementor-widget-container\">\n\t\t\t\t\t\t\t\t\t\t\t\t\t\t\t<img decoding=\"async\" width=\"300\" height=\"42\" src=\"https:\/\/graficosmg.org.br\/site\/wp-content\/uploads\/2023\/02\/Logo-Graficos-quadrada-02-300x42.png\" class=\"attachment-medium size-medium wp-image-3901\" alt=\"\" srcset=\"https:\/\/graficosmg.org.br\/site\/wp-content\/uploads\/2023\/02\/Logo-Graficos-quadrada-02-300x42.png 300w, https:\/\/graficosmg.org.br\/site\/wp-content\/uploads\/2023\/02\/Logo-Graficos-quadrada-02-1024x143.png 1024w, https:\/\/graficosmg.org.br\/site\/wp-content\/uploads\/2023\/02\/Logo-Graficos-quadrada-02-768x107.png 768w, https:\/\/graficosmg.org.br\/site\/wp-content\/uploads\/2023\/02\/Logo-Graficos-quadrada-02-1536x215.png 1536w, https:\/\/graficosmg.org.br\/site\/wp-content\/uploads\/2023\/02\/Logo-Graficos-quadrada-02-2048x286.png 2048w\" sizes=\"(max-width: 300px) 100vw, 300px\" \/>\t\t\t\t\t\t\t\t\t\t\t\t\t\t\t<\/div>\n\t\t\t\t<\/div>\n\t\t\t\t<div class=\"elementor-element elementor-element-633e2b09 elementor-widget elementor-widget-text-editor\" data-id=\"633e2b09\" data-element_type=\"widget\" data-e-type=\"widget\" data-widget_type=\"text-editor.default\">\n\t\t\t\t<div class=\"elementor-widget-container\">\n\t\t\t\t\t\t\t\t\t<p style=\"text-align: justify;\">No dia 11 de dezembro de 1932, na sede da Uni\u00e3o dos Varejistas de Minas Gerais, em Belo Horizonte, teve in\u00edcio a hist\u00f3ria de representa\u00e7\u00e3o dos trabalhadores gr\u00e1ficos. Nessa data estiveram reunidos 74 empregados em estabelecimentos de artes gr\u00e1fica, inclusive jornais, ocasi\u00e3o em que fundaram sua associa\u00e7\u00e3o de classe. O encontro foi presidido pelo companheiro senhor Ant\u00f4nio Luiz de Bessa, redator chefe do jornal Estado de Minas, e pelos companheiros M\u00e1rio Dias, do Di\u00e1rio de Minas e Luiz Medeiros, da reda\u00e7\u00e3o do jornal Estado de Minas.<\/p><p style=\"text-align: justify;\">Foram discutidos e aprovados os estatutos que no seu artigo terceiro, letra &#8216;a&#8217; afirmava estarem inclu\u00eddos todos os empregados em estabelecimento gr\u00e1fico, bem como de jornais e dos outros \u00f3rg\u00e3os de imprensa, inclusive pessoal de reda\u00e7\u00e3o, revis\u00e3o e parte comercial.<\/p><p style=\"text-align: justify;\">Assim foi fundada a Uni\u00e3o dos Trabalhadores do Livro e do Jornal de Belo Horizonte (UTLJ). Em 1937 foi requerido junto ao Minist\u00e9rio do Trabalho a transforma\u00e7\u00e3o da Associa\u00e7\u00e3o de Classe em Sindicato dos Trabalhadores em Livros e Jornais, fato que se deu em dois de julho do mesmo ano.\u00a0 A partir de 1943, atrav\u00e9s do Diploma Legal expedido pelo Minist\u00e9rio do Trabalho, foi declarado Sindicato dos Trabalhadores nas Ind\u00fastrias Gr\u00e1ficas de Belo Horizonte.<\/p><p style=\"text-align: justify;\">A institui\u00e7\u00e3o cresceu e se fortaleceu atrav\u00e9s da gest\u00e3o eficiente de homens como Nelson Cordeiro, primeiro presidente do sindicato. Durante a administra\u00e7\u00e3o de Aracy Manoel Borges, em 1952, conseguiu a doa\u00e7\u00e3o de um lote situado a rua Jaguar\u00e3o, 269, bairro Bonfim, em Belo Horizonte. Local onde o sindicato funciona atualmente.<\/p><p style=\"text-align: justify;\">Mas foi dire\u00e7\u00e3o de Jos\u00e9 Pereira de Sales, em 1962, se deu in\u00edcio \u00e0s obras de constru\u00e7\u00e3o da sede do sindicado.<\/p>\t\t\t\t\t\t\t\t<\/div>\n\t\t\t\t<\/div>\n\t\t\t\t\t<\/div>\n\t\t<\/div>\n\t\t\t\t\t<\/div>\n\t\t<\/section>\n\t\t\t\t<\/div>\n\t\t","protected":false},"excerpt":{"rendered":"<p>No dia 11 de dezembro de 1932, na sede da Uni\u00e3o dos Varejistas de Minas Gerais, em Belo Horizonte, teve&hellip;<\/p>\n","protected":false},"author":1,"featured_media":0,"parent":0,"menu_order":0,"comment_status":"closed","ping_status":"closed","template":"templates\/template-page-full-width.php","meta":{"pmpro_default_level":0,"footnotes":""},"class_list":["post-303","page","type-page","status-publish","hentry","pmpro-has-access"],"_links":{"self":[{"href":"https:\/\/graficosmg.org.br\/site\/wp-json\/wp\/v2\/pages\/303","targetHints":{"allow":["GET"]}}],"collection":[{"href":"https:\/\/graficosmg.org.br\/site\/wp-json\/wp\/v2\/pages"}],"about":[{"href":"https:\/\/graficosmg.org.br\/site\/wp-json\/wp\/v2\/types\/page"}],"author":[{"embeddable":true,"href":"https:\/\/graficosmg.org.br\/site\/wp-json\/wp\/v2\/users\/1"}],"replies":[{"embeddable":true,"href":"https:\/\/graficosmg.org.br\/site\/wp-json\/wp\/v2\/comments?post=303"}],"version-history":[{"count":0,"href":"https:\/\/graficosmg.org.br\/site\/wp-json\/wp\/v2\/pages\/303\/revisions"}],"wp:attachment":[{"href":"https:\/\/graficosmg.org.br\/site\/wp-json\/wp\/v2\/media?parent=303"}],"curies":[{"name":"wp","href":"https:\/\/api.w.org\/{rel}","templated":true}]}}